{"id":12,"date":"2026-04-08T11:29:24","date_gmt":"2026-04-08T11:29:24","guid":{"rendered":"https:\/\/advokatasmartinkus.lt\/?page_id=12"},"modified":"2026-04-08T11:51:52","modified_gmt":"2026-04-08T11:51:52","slug":"contact-2","status":"publish","type":"page","link":"https:\/\/advokatasmartinkus.lt\/","title":{"rendered":""},"content":{"rendered":"\n<p><\/p>\n\n\n\n<p><\/p>\n\n\n\n<p class=\"has-medium-font-size\"><strong>Osvaldas Martinkus<\/strong><\/p>\n\n\n\n<p>osvaldasmartinkus@gmail.com<\/p>\n\n\n\n<p>+370 687 233 83<\/p>\n\n\n\n<p>Piev\u0173 tako g. 13-1 Klaip\u0117da<\/p>\n\n\n\n<p><\/p>\n\n\n\n<p class=\"has-medium-font-size\"><strong>Milda Martinkut\u0117<\/strong><\/p>\n\n\n\n<p>martinkute.m@gmail.com<\/p>\n\n\n\n<p>+370 682 209 45<\/p>\n\n\n\n<p><\/p>\n\n\n\n<p><\/p>\n","protected":false},"excerpt":{"rendered":"<p>Osvaldas Martinkus osvaldasmartinkus@gmail.com +370 687 233 83 Piev\u0173 tako g. 13-1 Klaip\u0117da Milda Martinkut\u0117 martinkute.m@gmail.com +370 682 209 45<\/p>\n","protected":false},"author":1,"featured_media":9,"parent":0,"menu_order":0,"comment_status":"closed","ping_status":"closed","template":"","meta":{"inspiro_hide_title":false,"footnotes":""},"class_list":["post-12","page","type-page","status-publish","has-post-thumbnail","hentry"],"_links":{"self":[{"href":"https:\/\/advokatasmartinkus.lt\/index.php\/wp-json\/wp\/v2\/pages\/12","targetHints":{"allow":["GET"]}}],"collection":[{"href":"https:\/\/advokatasmartinkus.lt\/index.php\/wp-json\/wp\/v2\/pages"}],"about":[{"href":"https:\/\/advokatasmartinkus.lt\/index.php\/wp-json\/wp\/v2\/types\/page"}],"author":[{"embeddable":true,"href":"https:\/\/advokatasmartinkus.lt\/index.php\/wp-json\/wp\/v2\/users\/1"}],"replies":[{"embeddable":true,"href":"https:\/\/advokatasmartinkus.lt\/index.php\/wp-json\/wp\/v2\/comments?post=12"}],"version-history":[{"count":10,"href":"https:\/\/advokatasmartinkus.lt\/index.php\/wp-json\/wp\/v2\/pages\/12\/revisions"}],"predecessor-version":[{"id":45,"href":"https:\/\/advokatasmartinkus.lt\/index.php\/wp-json\/wp\/v2\/pages\/12\/revisions\/45"}],"wp:featuredmedia":[{"embeddable":true,"href":"https:\/\/advokatasmartinkus.lt\/index.php\/wp-json\/wp\/v2\/media\/9"}],"wp:attachment":[{"href":"https:\/\/advokatasmartinkus.lt\/index.php\/wp-json\/wp\/v2\/media?parent=12"}],"curies":[{"name":"wp","href":"https:\/\/api.w.org\/{rel}","templated":true}]}}